{"version":"1.0","type":"rich","provider_name":"WebTh\u00e9\u00e2tre&nbsp;: Actualit\u00e9 critique des spectacles, th\u00e9\u00e2tre, op\u00e9ra, musique, danse - Paris et r\u00e9gions, Belgique, Espagne","provider_url":"https:\/\/www.webtheatre.fr","title":"Mozart en sa maison","author_name":"Pierre-Ren\u00e9 Serna","width":"1200","height":"800","url":"https:\/\/webtheatre.fr\/Mozart-en-sa-maison","html":"\u003Ch4 class='title'\u003E\u003Ca href='https:\/\/webtheatre.fr\/Mozart-en-sa-maison'\u003EMozart en sa maison\u003C\/a\u003E\u003C\/h4\u003E\u003Cblockquote class='spip'\u003E\n\u003Cp\u003ELE NOZZE DI FIGARO AVAIENT \u00c9T\u00c9 CR\u00c9\u00c9ES PR\u00c9CIS\u00c9MENT  \u00e0 Vienne, en 1781. Depuis lors, le chef-d\u2019\u0153uvre de Mozart a parcouru l\u2019enti\u00e8re plan\u00e8te musicale. Et l\u2019Op\u00e9ra de Vienne n\u2019est pas en reste, comme on s\u2019en douterait. Au sortir de Benamor que nous venions de voir, il est piquant de noter que la touche espagnole persiste d\u2019une certaine mani\u00e8re&nbsp;: pour le sujet, plant\u00e9 comme on sait dans les environs de S\u00e9ville avec des personnages espagnols&nbsp;; mais aussi pour l\u2019interpr\u00e9tation \u00e0 laquelle nous avons&nbsp;(\u2026)\u003C\/p\u003E\n\u003C\/blockquote\u003E\n"}

WebThéâtre&nbsp;: Actualité critique des spectacles, théâtre, opéra, musique, danse - Paris et régions, Belgique, Espagne

Pierre-René Serna

<h4 class='title'><a href='https://webtheatre.fr/Mozart-en-sa-maison'>Mozart en sa maison</a></h4><blockquote class='spip'>
<p>LE NOZZE DI FIGARO AVAIENT ÉTÉ CRÉÉES PRÉCISÉMENT  à Vienne, en 1781. Depuis lors, le chef-d’œuvre de Mozart a parcouru l’entière planète musicale. Et l’Opéra de Vienne n’est pas en reste, comme on s’en douterait. Au sortir de Benamor que nous venions de voir, il est piquant de noter que la touche espagnole persiste d’une certaine manière&nbsp;: pour le sujet, planté comme on sait dans les environs de Séville avec des personnages espagnols&nbsp;; mais aussi pour l’interprétation à laquelle nous avons&nbsp;(…)</p>
</blockquote>
