{"version":"1.0","type":"rich","provider_name":"WebTh\u00e9\u00e2tre&nbsp;: Actualit\u00e9 critique des spectacles, th\u00e9\u00e2tre, op\u00e9ra, musique, danse - Paris et r\u00e9gions, Belgique, Espagne","provider_url":"https:\/\/www.webtheatre.fr","title":"Le Off, une dynamique d&#8217;utilit\u00e9 publique","author_name":"Janyce Dj\u00e9dj\u00e9","width":"1200","height":"800","url":"https:\/\/webtheatre.fr\/Le-Off-une-dynamique-d-utilite-3194","html":"\u003Ch4 class='title'\u003E\u003Ca href='https:\/\/webtheatre.fr\/Le-Off-une-dynamique-d-utilite-3194'\u003ELe Off, une dynamique d&#8217;utilit\u00e9 publique\u003C\/a\u003E\u003C\/h4\u003E\u003Cblockquote class='spip'\u003E\n\u003Cp\u003EV\u00e9ritable ph\u00e9nom\u00e8ne de soci\u00e9t\u00e9, le OFF est incontestablement le ferment d\u2019o\u00f9 peuvent surgir les \u00e9l\u00e9ments d\u2019une vision renouvel\u00e9e de la d\u00e9mocratisation culturelle. \n\u003Cbr class='autobr' \/\u003E\nAvignon Festival &amp; Compagnies a d\u00e9cid\u00e9 d\u2019organiser le 12 avril 2012 au Centre des Congr\u00e8s d\u2019Avignon une journ\u00e9e de r\u00e9flexion et de concertation, autour des 5 grands domaines d\u2019action suivants&nbsp;:  Le OFF premier march\u00e9 du spectacle vivant en France Tous les sondages effectu\u00e9s ces trois derni\u00e8res ann\u00e9es par Avignon Festival&nbsp;(\u2026)\u003C\/p\u003E\n\u003C\/blockquote\u003E\n"}

WebThéâtre&nbsp;: Actualité critique des spectacles, théâtre, opéra, musique, danse - Paris et régions, Belgique, Espagne

Le Off, une dynamique d&#8217;utilité publique

Janyce Djédjé

<h4 class='title'><a href='https://webtheatre.fr/Le-Off-une-dynamique-d-utilite-3194'>Le Off, une dynamique d&#8217;utilité publique</a></h4><blockquote class='spip'>
<p>Véritable phénomène de société, le OFF est incontestablement le ferment d’où peuvent surgir les éléments d’une vision renouvelée de la démocratisation culturelle. 
<br class='autobr' />
Avignon Festival &amp; Compagnies a décidé d’organiser le 12 avril 2012 au Centre des Congrès d’Avignon une journée de réflexion et de concertation, autour des 5 grands domaines d’action suivants&nbsp;:  Le OFF premier marché du spectacle vivant en France Tous les sondages effectués ces trois dernières années par Avignon Festival&nbsp;(…)</p>
</blockquote>
