{"version":"1.0","type":"rich","provider_name":"WebTh\u00e9\u00e2tre&nbsp;: Actualit\u00e9 critique des spectacles, th\u00e9\u00e2tre, op\u00e9ra, musique, danse - Paris et r\u00e9gions, Belgique, Espagne","provider_url":"https:\/\/www.webtheatre.fr","title":"Le Festival d&#8217;automne ","author_name":"Dominique Darzacq","width":"1200","height":"800","url":"https:\/\/webtheatre.fr\/Le-Festival-d-automne-1689","html":"\u003Ch4 class='title'\u003E\u003Ca href='https:\/\/webtheatre.fr\/Le-Festival-d-automne-1689'\u003ELe Festival d&#8217;automne \u003C\/a\u003E\u003C\/h4\u003E\u003Cblockquote class='spip'\u003E\n\u003Cp\u003ELorsqu\u2019en 1972, Michel Guy cr\u00e9e le Festival d\u2019automne, il s\u2019agit pour lui, d\u2019ouvrir les fronti\u00e8res \u00e0 l\u2019art contemporain dans la pluralit\u00e9 de ses disciplines, de ses formes, de ses langues, de faire de Paris un lieu de circulation, de brassage et de confrontation en privil\u00e9giant les d\u00e9marches exp\u00e9rimentales, en accueillant des \u0153uvres in\u00e9dites. \n\u003Cbr class='autobr' \/\u003E\nPlein feux sur le Japon Si trente sept \u00e9ditions plus tard, le voyage des langues est devenu monnaie courante, il n\u2019en reste pas moins de belles&nbsp;(\u2026)\u003C\/p\u003E\n\u003C\/blockquote\u003E\n"}

WebThéâtre&nbsp;: Actualité critique des spectacles, théâtre, opéra, musique, danse - Paris et régions, Belgique, Espagne

<h4 class='title'><a href='https://webtheatre.fr/Le-Festival-d-automne-1689'>Le Festival d&#8217;automne </a></h4><blockquote class='spip'>
<p>Lorsqu’en 1972, Michel Guy crée le Festival d’automne, il s’agit pour lui, d’ouvrir les frontières à l’art contemporain dans la pluralité de ses disciplines, de ses formes, de ses langues, de faire de Paris un lieu de circulation, de brassage et de confrontation en privilégiant les démarches expérimentales, en accueillant des œuvres inédites. 
<br class='autobr' />
Plein feux sur le Japon Si trente sept éditions plus tard, le voyage des langues est devenu monnaie courante, il n’en reste pas moins de belles&nbsp;(…)</p>
</blockquote>
