{"version":"1.0","type":"rich","provider_name":"WebTh\u00e9\u00e2tre&nbsp;: Actualit\u00e9 critique des spectacles, th\u00e9\u00e2tre, op\u00e9ra, musique, danse - Paris et r\u00e9gions, Belgique, Espagne","provider_url":"https:\/\/www.webtheatre.fr","title":"Deux ou trois choses que je sais d&#8217;elle","author_name":"Christian Wasselin","width":"1200","height":"800","url":"https:\/\/webtheatre.fr\/Deux-ou-trois-choses-que-je-sais-d-elle","html":"\u003Ch4 class='title'\u003E\u003Ca href='https:\/\/webtheatre.fr\/Deux-ou-trois-choses-que-je-sais-d-elle'\u003EDeux ou trois choses que je sais d&#8217;elle\u003C\/a\u003E\u003C\/h4\u003E\u003Cblockquote class='spip'\u003E\n\u003Cp\u003EDEPUIS LA SOIR\u00c9E QUI A EU LIEU le 4 d\u00e9cembre dernier \u00e0 la mairie du neuvi\u00e8me arrondissement de Paris, Lise Cristiani est un peu moins m\u00e9connue. C\u2019est ce soir-l\u00e0 en effet qu\u2019a \u00e9t\u00e9 r\u00e9v\u00e9l\u00e9 le film Sol &amp; Lise de Simone Jung (une \u00e9vocation de Lise Cristiani mais aussi un parcours en compagnie de Sol Gabetta, qui s\u2019est prise de passion pour sa myst\u00e9rieuse devanci\u00e8re) et qu\u2019est sorti le livre de Waldemar Kamer et de Ren\u00e9 de Vries, dont l\u2019enthousiasme acharn\u00e9 a permis de faire sortir de l\u2019oubli&nbsp;(\u2026)\u003C\/p\u003E\n\u003C\/blockquote\u003E\n"}

WebThéâtre&nbsp;: Actualité critique des spectacles, théâtre, opéra, musique, danse - Paris et régions, Belgique, Espagne

<h4 class='title'><a href='https://webtheatre.fr/Deux-ou-trois-choses-que-je-sais-d-elle'>Deux ou trois choses que je sais d&#8217;elle</a></h4><blockquote class='spip'>
<p>DEPUIS LA SOIRÉE QUI A EU LIEU le 4 décembre dernier à la mairie du neuvième arrondissement de Paris, Lise Cristiani est un peu moins méconnue. C’est ce soir-là en effet qu’a été révélé le film Sol &amp; Lise de Simone Jung (une évocation de Lise Cristiani mais aussi un parcours en compagnie de Sol Gabetta, qui s’est prise de passion pour sa mystérieuse devancière) et qu’est sorti le livre de Waldemar Kamer et de René de Vries, dont l’enthousiasme acharné a permis de faire sortir de l’oubli&nbsp;(…)</p>
</blockquote>
