{"version":"1.0","type":"rich","provider_name":"WebTh\u00e9\u00e2tre&nbsp;: Actualit\u00e9 critique des spectacles, th\u00e9\u00e2tre, op\u00e9ra, musique, danse - Paris et r\u00e9gions, Belgique, Espagne","provider_url":"https:\/\/www.webtheatre.fr","title":"5e Salon du Th\u00e9\u00e2tre et de l&#8217;\u00e9dition th\u00e9atrale","author_name":"Myl\u00e8ne Lefebvre","width":"1200","height":"800","url":"https:\/\/webtheatre.fr\/5e-Salon-du-Theatre-et-de-l-1897","html":"\u003Ch4 class='title'\u003E\u003Ca href='https:\/\/webtheatre.fr\/5e-Salon-du-Theatre-et-de-l-1897'\u003E5e Salon du Th\u00e9\u00e2tre et de l&#8217;\u00e9dition th\u00e9atrale\u003C\/a\u003E\u003C\/h4\u003E\u003Cblockquote class='spip'\u003E\n\u003Cp\u003ECette ann\u00e9e, le Salon du Th\u00e9\u00e2tre et de l\u2019\u00e9dition th\u00e9\u00e2trale marque le d\u00e9but de la 32e \u00e9dition de la Foire de Saint Germain qui se d\u00e9roulera du 22 mai au 5 Juillet 2009. \n\u003Cbr class='autobr' \/\u003E\nCe salon permettra de d\u00e9couvrir le paysage th\u00e9\u00e2tral fran\u00e7ais et ainsi de mieux comprendre les choix artistiques de chacun et les enjeux de la cr\u00e9ation contemporaine. \n\u003Cbr class='autobr' \/\u003E\nCet \u00e9v\u00e9nement sera l\u2019occasion de rencontrer des professionnels du th\u00e9\u00e2tre en dehors des espaces traditionnels. \n\u003Cbr class='autobr' \/\u003E\nLa Place Saint Sulpice se transformera&nbsp;(\u2026)\u003C\/p\u003E\n\u003C\/blockquote\u003E\n"}

WebThéâtre&nbsp;: Actualité critique des spectacles, théâtre, opéra, musique, danse - Paris et régions, Belgique, Espagne

5e Salon du Théâtre et de l&#8217;édition théatrale

Mylène Lefebvre

<h4 class='title'><a href='https://webtheatre.fr/5e-Salon-du-Theatre-et-de-l-1897'>5e Salon du Théâtre et de l&#8217;édition théatrale</a></h4><blockquote class='spip'>
<p>Cette année, le Salon du Théâtre et de l’édition théâtrale marque le début de la 32e édition de la Foire de Saint Germain qui se déroulera du 22 mai au 5 Juillet 2009. 
<br class='autobr' />
Ce salon permettra de découvrir le paysage théâtral français et ainsi de mieux comprendre les choix artistiques de chacun et les enjeux de la création contemporaine. 
<br class='autobr' />
Cet événement sera l’occasion de rencontrer des professionnels du théâtre en dehors des espaces traditionnels. 
<br class='autobr' />
La Place Saint Sulpice se transformera&nbsp;(…)</p>
</blockquote>
